mon divisor of 50 and 110.
10
What is the highest common factor of 120 and 3540?
60
Calculate the greatest common factor of 5733 and 18.
9
What is the highest common divisor of 657 and 73?
73
What is the greatest common factor of 144 and 45?
9
What is the greatest common divisor of 1026 and 36?
18
Calculate the greatest common factor of 36 and 153.
9
Calculate the greatest common divisor of 30622 and 183.
61
Calculate the highest common factor of 100 and 124.
4
What is the greatest common divisor of 60 and 852?
12
What is the highest common factor of 1792 and 2576?
112
What is the greatest common divisor of 1180 and 20?
20
Calculate the highest common divisor of 24 and 30.
6
What is the highest common factor of 722 and 19?
19
What is the highest common divisor of 910 and 20?
10
Calculate the highest common factor of 252 and 28.
28
What is the greatest common divisor of 465 and 31?
31
Calculate the greatest common divisor of 392 and 8.
8
What is the highest common divisor of 19942 and 39?
13
Calculate the highest common divisor of 16 and 284.
4
What is the greatest common factor of 1 and 167?
1
Calculate the highest common factor of 28 and 350.
14
Calculate the highest common divisor of 13365 and 162.
81
What is the greatest common divisor of 21 and 210?
21
What is the highest common factor of 120 and 138?
6
What is the highest common divisor of 70 and 35?
35
What is the highest common factor of 368 and 48?
16
What is the highest common factor of 144 and 48?
48
What is the greatest common factor of 13 and 16003?
13
Calculate the greatest common divisor of 120 and 75.
15
What is the greatest common factor of 1648 and 24?
8
Calculate the highest common factor of 13 and 91.
13
What is the highest common factor of 192 and 72?
24
Calculate the greatest common factor of 18844 and 84.
28
What is the highest common factor of 104 and 13312?
104
What is the highest common divisor of 336 and 1392?
48
What is the greatest common factor of 589 and 361?
19
Calculate the greatest common divisor of 9119 and 11.
11
Calculate the highest common divisor of 19126 and 365.
73
What is the highest common factor of 9269 and 26?
13
Calculate the greatest common divisor of 766 and 2681.
383
Calculate the highest common divisor of 36 and 198.
18
What is the highest common divisor of 208 and 13?
13
Calculate the greatest common factor of 1288 and 80.
8
Calculate the greatest common divisor of 2822 and 34.
34
What is the highest common divisor of 440 and 160?
40
Calculate the greatest common factor of 704 and 22.
22
What is the highest common factor of 1040 and 640?
80
What is the highest common divisor of 1716 and 546?
78
Calculate the greatest common factor of 42 and 8638.
14
Calculate the greatest common divisor of 228 and 152.
76
Calculate the greatest common factor of 92757 and 49.
49
Calculate the greatest common factor of 2376 and 40.
8
What is the greatest common divisor of 786 and 6?
6
Calculate the greatest common divisor of 7857 and 388.
97
What is the greatest common factor of 770 and 3388?
154
What is the greatest common divisor of 98 and 70?
14
Calculate the highest common factor of 194 and 14.
2
What is the highest common factor of 16 and 22384?
16
Calculate the greatest common divisor of 13464 and 198.
198
What is the highest common factor of 14942 and 31?
31
What is the highest common factor of 291 and 4171?
97
Calculate the greatest common divisor of 55 and 20.
5
What is the highest common factor of 188 and 235?
47
Calculate the greatest common divisor of 10985 and 260.
65
What is the greatest common divisor of 164 and 64?
4
What is the highest common factor of 245 and 455?
35
What is the highest common factor of 73 and 9125?
73
Calculate the greatest common factor of 103 and 26471.
103
Calculate the greatest common divisor of 40 and 1460.
20
What is the greatest common divisor of 396 and 3520?
44
Calculate the greatest common factor of 1 and 9489.
1
Calculate the greatest common factor of 70 and 3220.
70
What is the highest common factor of 92 and 15364?
92
Calculate the highest common factor of 97 and 20176.
97
Calculate the highest common factor of 144 and 90.
18
What is the greatest common factor of 159 and 24486?
159
What is the highest common factor of 198 and 12111?
33
Calculate the highest common divisor of 30 and 960.
30
What is the greatest common factor of 34 and 8653?
17
What is the highest common factor of 3 and 237?
3
What is the highest common divisor of 96 and 726?
6
Calculate the highest common divisor of 125 and 50.
25
What is the greatest common factor of 5 and 1125?
5
Calculate the highest common divisor of 2324 and 9628.
332
Calculate the greatest common divisor of 597 and 4378.
199
What is the greatest common factor of 4560 and 1200?
240
Calculate the greatest common divisor of 4 and 467.
1
What is the greatest common factor of 187 and 17?
17
Calculate the highest common divisor of 72 and 648.
72
Calculate the highest common divisor of 1323 and 567.
189
What is the greatest common divisor of 53 and 212?
53
What is the greatest common factor of 230 and 50?
10
Calculate the greatest common factor of 2318 and 61.
61
Calculate the greatest common divisor of 1554 and 5994.
222
What is the greatest common divisor of 3139 and 73?
73
Calculate the greatest common factor of 299 and 23.
23
Calculate the greatest common factor of 141 and 6.
3
Calculate the highest common divisor of 1 and 89.
1
What is the highest common factor of 9531 and 81?
27
What is the highest common divisor of 16 and 44?
4
What is the highest common factor of 1 and 289?
1
What is the highest common divisor of 53 and 53?
53
Calculate the highest common divisor of 11 and 3465.
11
Calculate the greatest common factor of 27193 and 383.
383
Calculate the greatest common factor of 9827 and 31.
31
What is the greatest common divisor of 20 and 1140?
20
What is the greatest common divisor of 3339 and 126?
63
Calculate the greatest common factor of 25 and 1325.
25
What is the highest common factor of 118 and 2?
2
Calculate the greatest common factor of 369 and 984.
123
Calculate the highest common divisor of 143 and 297.
11
What is the greatest common factor of 6176 and 3474?
386
What is the highest common divisor of 323 and 38?
19
Calculate the highest common divisor of 1 and 27.
1
What is the greatest common divisor of 336 and 2100?
84
Calculate the greatest common divisor of 4334 and 22.
22
What is the greatest common divisor of 66 and 297?
33
Calculate the greatest common divisor of 18841 and 681.
227
Calculate the greatest common divisor of 21 and 9.
3
Calculate the highest common factor of 740 and 20.
20
Calculate the highest common factor of 90 and 5562.
18
What is the highest common divisor of 13080 and 84?
12
What is the highest common factor of 46 and 7682?
46
What is the greatest common factor of 484 and 110?
22
Calculate the highest common factor of 39 and 78.
39
What is the highest common factor of 518 and 14?
14
What is the greatest common factor of 32 and 1200?
16
What is the highest common factor of 528 and 33?
33
What is the highest common factor of 12 and 33612?
12
What is the highest common factor of 46 and 230?
46
What is the greatest common divisor of 6320 and 160?
80
Calculate the greatest common factor of 128 and 1696.
32
What is the highest common factor of 969 and 1173?
51
What is the highest common divisor of 630 and 190?
10
What is the highest common divisor of 1275 and 75?
75
Calculate the greatest common factor of 51 and 289.
17
Calculate the highest common divisor of 710 and 994.
142
What is the greatest common factor of 11639 and 113?
113
What is the highest common divisor of 1548 and 72?
36
What is the greatest common divisor of 1490 and 170?
10
What is the highest common factor of 1738 and 110?
22
Calculate the highest common factor of 132 and 220.
44
What is the greatest common divisor of 42 and 558?
6
Calculate the highest common divisor of 368 and 32292.
92
Calculate the highest common divisor of 12 and 276.
12
What is the greatest common factor of 1000 and 56?
8
What is the highest common factor of 56 and 28?
28
What is the highest common factor of 42 and 36?
6
What is the highest common factor of 42 and 1302?
42
Calculate the greatest comm